[INFO] cloning repository https://github.com/HectorHW/rust_parser_demo
[INFO] running `Command { std: "git" "-c" "credential.helper=" "-c" "credential.helper=/workspace/cargo-home/bin/git-credential-null" "clone" "--bare" "https://github.com/HectorHW/rust_parser_demo" "/workspace/cache/git-repos/https%3A%2F%2Fgithub.com%2FHectorHW%2Frust_parser_demo", kill_on_drop: false }`
[INFO] [stderr] Cloning into bare repository '/workspace/cache/git-repos/https%3A%2F%2Fgithub.com%2FHectorHW%2Frust_parser_demo'...
[INFO] running `Command { std: "git" "rev-parse" "HEAD", kill_on_drop: false }`
[INFO] [stdout] 82e52bdfa973974a2d38fa51065329b09fa7b4cd
[INFO] checking HectorHW/rust_parser_demo against master#e6e4f7ed1589e03bc2f6c5931c1a72e7947e8682 for beta-170-4
[INFO] running `Command { std: "git" "clone" "/workspace/cache/git-repos/https%3A%2F%2Fgithub.com%2FHectorHW%2Frust_parser_demo" "/workspace/builds/worker-7-tc2/source", kill_on_drop: false }`
[INFO] [stderr] Cloning into '/workspace/builds/worker-7-tc2/source'...
[INFO] [stderr] done.
[INFO] validating manifest of git repo https://github.com/HectorHW/rust_parser_demo on toolchain e6e4f7ed1589e03bc2f6c5931c1a72e7947e8682
[INFO] running `Command { std: CARGO_HOME="/workspace/cargo-home" RUSTUP_HOME="/workspace/rustup-home" "/workspace/cargo-home/bin/cargo" "+e6e4f7ed1589e03bc2f6c5931c1a72e7947e8682" "metadata" "--manifest-path" "Cargo.toml" "--no-deps", kill_on_drop: false }`
[INFO] started tweaking git repo https://github.com/HectorHW/rust_parser_demo
[INFO] finished tweaking git repo https://github.com/HectorHW/rust_parser_demo
[INFO] tweaked toml for git repo https://github.com/HectorHW/rust_parser_demo written to /workspace/builds/worker-7-tc2/source/Cargo.toml
[INFO] crate git repo https://github.com/HectorHW/rust_parser_demo already has a lockfile, it will not be regenerated
[INFO] running `Command { std: CARGO_HOME="/workspace/cargo-home" RUSTUP_HOME="/workspace/rustup-home" "/workspace/cargo-home/bin/cargo" "+e6e4f7ed1589e03bc2f6c5931c1a72e7947e8682" "fetch" "--manifest-path" "Cargo.toml", kill_on_drop: false }`
[INFO] [stderr]     Blocking waiting for file lock on package cache
[INFO] running `Command { std: "docker" "create" "-v" "/var/lib/crater-agent-workspace/builds/worker-7-tc2/target:/opt/rustwide/target:rw,Z" "-v" "/var/lib/crater-agent-workspace/builds/worker-7-tc2/source:/opt/rustwide/workdir:ro,Z" "-v" "/var/lib/crater-agent-workspace/cargo-home:/opt/rustwide/cargo-home:ro,Z" "-v" "/var/lib/crater-agent-workspace/rustup-home:/opt/rustwide/rustup-home:ro,Z" "-e" "SOURCE_DIR=/opt/rustwide/workdir" "-e" "CARGO_TARGET_DIR=/opt/rustwide/target" "-e" "CARGO_HOME=/opt/rustwide/cargo-home" "-e" "RUSTUP_HOME=/opt/rustwide/rustup-home" "-w" "/opt/rustwide/workdir" "-m" "1610612736" "--user" "0:0" "--network" "none" "ghcr.io/rust-lang/crates-build-env/linux@sha256:19e73879b68f455e41552ea35293514db52ea292d993f571636dbffedb77a1ee" "/opt/rustwide/cargo-home/bin/cargo" "+e6e4f7ed1589e03bc2f6c5931c1a72e7947e8682" "metadata" "--no-deps" "--format-version=1", kill_on_drop: false }`
[INFO] [stdout] b0c513b1ae41dbf46695437bddc0548aba23bee74b890ded65b41320ab1e4d83
[INFO] running `Command { std: "docker" "start" "-a" "b0c513b1ae41dbf46695437bddc0548aba23bee74b890ded65b41320ab1e4d83", kill_on_drop: false }`
[INFO] running `Command { std: "docker" "inspect" "b0c513b1ae41dbf46695437bddc0548aba23bee74b890ded65b41320ab1e4d83", kill_on_drop: false }`
[INFO] running `Command { std: "docker" "rm" "-f" "b0c513b1ae41dbf46695437bddc0548aba23bee74b890ded65b41320ab1e4d83", kill_on_drop: false }`
[INFO] [stdout] b0c513b1ae41dbf46695437bddc0548aba23bee74b890ded65b41320ab1e4d83
[INFO] running `Command { std: "docker" "create" "-v" "/var/lib/crater-agent-workspace/builds/worker-7-tc2/target:/opt/rustwide/target:rw,Z" "-v" "/var/lib/crater-agent-workspace/builds/worker-7-tc2/source:/opt/rustwide/workdir:ro,Z" "-v" "/var/lib/crater-agent-workspace/cargo-home:/opt/rustwide/cargo-home:ro,Z" "-v" "/var/lib/crater-agent-workspace/rustup-home:/opt/rustwide/rustup-home:ro,Z" "-e" "SOURCE_DIR=/opt/rustwide/workdir" "-e" "CARGO_TARGET_DIR=/opt/rustwide/target" "-e" "CARGO_INCREMENTAL=0" "-e" "RUST_BACKTRACE=full" "-e" "RUSTFLAGS=--cap-lints=forbid" "-e" "RUSTDOCFLAGS=--cap-lints=forbid" "-e" "CARGO_HOME=/opt/rustwide/cargo-home" "-e" "RUSTUP_HOME=/opt/rustwide/rustup-home" "-w" "/opt/rustwide/workdir" "-m" "1610612736" "--user" "0:0" "--network" "none" "ghcr.io/rust-lang/crates-build-env/linux@sha256:19e73879b68f455e41552ea35293514db52ea292d993f571636dbffedb77a1ee" "/opt/rustwide/cargo-home/bin/cargo" "+e6e4f7ed1589e03bc2f6c5931c1a72e7947e8682" "check" "--frozen" "--all" "--all-targets" "--message-format=json", kill_on_drop: false }`
[INFO] [stdout] 2bcd84d43c02f3ab8721abc36b8ca4015191baf86a3532b4d5f28ce64d2ebfc7
[INFO] running `Command { std: "docker" "start" "-a" "2bcd84d43c02f3ab8721abc36b8ca4015191baf86a3532b4d5f28ce64d2ebfc7", kill_on_drop: false }`
[INFO] [stderr]     Checking parser_demo v0.1.0 (/opt/rustwide/workdir)
[INFO] [stdout] error[E0583]: file not found for module `vm`
[INFO] [stdout]  --> src/main.rs:9:1
[INFO] [stdout]   |
[INFO] [stdout] 9 | mod vm;
[INFO] [stdout]   | ^^^^^^^
[INFO] [stdout]   |
[INFO] [stdout]   = help: to create the module `vm`, create file "src/vm.rs" or "src/vm/mod.rs"
[INFO] [stdout] 
[INFO] [stdout] 
[INFO] [stdout] error[E0583]: file not found for module `vm`
[INFO] [stdout]  --> src/main.rs:9:1
[INFO] [stdout]   |
[INFO] [stdout] 9 | mod vm;
[INFO] [stdout]   | ^^^^^^^
[INFO] [stdout]   |
[INFO] [stdout]   = help: to create the module `vm`, create file "src/vm.rs" or "src/vm/mod.rs"
[INFO] [stdout] 
[INFO] [stdout] 
[INFO] [stdout] error[E0432]: unresolved import `crate::vm::OpCode`
[INFO] [stdout]  --> src/compiler.rs:1:5
[INFO] [stdout]   |
[INFO] [stdout] 1 | use crate::vm::OpCode;
[INFO] [stdout]   |     ^^^^^^^^^^^^^^^^^ no `OpCode` in `vm`
[INFO] [stdout] 
[INFO] [stdout] 
[INFO] [stdout] error[E0432]: unresolved import `crate::vm::VM`
[INFO] [stdout]   --> src/main.rs:11:5
[INFO] [stdout]    |
[INFO] [stdout] 11 | use crate::vm::VM;
[INFO] [stdout]    |     ^^^^^^^^^^^^^ no `VM` in `vm`
[INFO] [stdout] 
[INFO] [stdout] 
[INFO] [stdout] error[E0432]: unresolved import `crate::vm::OpCode`
[INFO] [stdout]  --> src/compiler.rs:1:5
[INFO] [stdout]   |
[INFO] [stdout] 1 | use crate::vm::OpCode;
[INFO] [stdout]   |     ^^^^^^^^^^^^^^^^^ no `OpCode` in `vm`
[INFO] [stdout] 
[INFO] [stdout] 
[INFO] [stdout] error[E0432]: unresolved import `crate::vm::VM`
[INFO] [stdout]   --> src/main.rs:11:5
[INFO] [stdout]    |
[INFO] [stdout] 11 | use crate::vm::VM;
[INFO] [stdout]    |     ^^^^^^^^^^^^^ no `VM` in `vm`
[INFO] [stdout] 
[INFO] [stdout] 
[INFO] [stdout] error: aborting due to 3 previous errors
[INFO] [stdout] 
[INFO] [stdout] 
[INFO] [stdout] Some errors have detailed explanations: E0432, E0583.
[INFO] [stdout] 
[INFO] [stdout] For more information about an error, try `rustc --explain E0432`.
[INFO] [stdout] 
[INFO] [stderr] error: could not compile `parser_demo` (bin "parser_demo" test) due to 4 previous errors
[INFO] [stderr] warning: build failed, waiting for other jobs to finish...
[INFO] [stdout] error: aborting due to 3 previous errors
[INFO] [stdout] 
[INFO] [stdout] 
[INFO] [stdout] Some errors have detailed explanations: E0432, E0583.
[INFO] [stdout] 
[INFO] [stdout] For more information about an error, try `rustc --explain E0432`.
[INFO] [stdout] 
[INFO] [stderr] error: could not compile `parser_demo` (bin "parser_demo") due to 4 previous errors
[INFO] running `Command { std: "docker" "inspect" "2bcd84d43c02f3ab8721abc36b8ca4015191baf86a3532b4d5f28ce64d2ebfc7", kill_on_drop: false }`
[INFO] running `Command { std: "docker" "rm" "-f" "2bcd84d43c02f3ab8721abc36b8ca4015191baf86a3532b4d5f28ce64d2ebfc7", kill_on_drop: false }`
[INFO] [stdout] 2bcd84d43c02f3ab8721abc36b8ca4015191baf86a3532b4d5f28ce64d2ebfc7
